git of 620088553?
2
What is the thousands digit of 103648655?
8
What is the thousands digit of 322802334?
2
What is the hundreds digit of 21405482?
4
What is the hundred thousands digit of 1704424441?
4
What is the hundred thousands digit of 48803695?
8
What is the hundred millions digit of 3659349225?
6
What is the ten millions digit of 112117279?
1
What is the units digit of 64518496?
6
What is the hundred thousands digit of 373327990?
3
What is the hundreds digit of 51375975?
9
What is the hundreds digit of 4087946924?
9
What is the ten millions digit of 7260153795?
6
What is the ten thousands digit of 209845647?
4
What is the hundred thousands digit of 43213734?
2
What is the hundred millions digit of 228612691?
2
What is the units digit of 623852017?
7
What is the ten millions digit of 84779064?
8
What is the hundred millions digit of 103879937?
1
What is the hundred thousands digit of 12612584?
6
What is the ten millions digit of 464822144?
6
What is the hundred millions digit of 750113941?
7
What is the millions digit of 805112797?
5
What is the tens digit of 477680103?
0
What is the ten thousands digit of 5483290?
8
What is the tens digit of 2213478257?
5
What is the millions digit of 3433508?
3
What is the ten thousands digit of 5172904110?
0
What is the tens digit of 1979929861?
6
What is the units digit of 764228157?
7
What is the billions digit of 9167377729?
9
What is the ten thousands digit of 137935163?
3
What is the ten thousands digit of 229678511?
7
What is the thousands digit of 75412780?
2
What is the tens digit of 1131238257?
5
What is the hundred millions digit of 1149013121?
1
What is the hundreds digit of 189161095?
0
What is the tens digit of 346073239?
3
What is the ten thousands digit of 1292677693?
7
What is the hundreds digit of 14830418?
4
What is the tens digit of 145685723?
2
What is the ten thousands digit of 4476222?
7
What is the hundreds digit of 78619620?
6
What is the ten thousands digit of 1222287894?
8
What is the ten thousands digit of 27340872?
4
What is the thousands digit of 604534859?
4
What is the hundred thousands digit of 34611192?
6
What is the tens digit of 982259553?
5
What is the thousands digit of 1454634351?
4
What is the thousands digit of 1040742012?
2
What is the ten millions digit of 29221333?
2
What is the units digit of 77383032?
2
What is the ten millions digit of 661822817?
6
What is the ten millions digit of 65902928?
6
What is the millions digit of 2825856096?
5
What is the hundred thousands digit of 79277272?
2
What is the thousands digit of 838885?
8
What is the hundreds digit of 91921684?
6
What is the thousands digit of 1773689764?
9
What is the units digit of 828714641?
1
What is the hundred thousands digit of 2254370548?
3
What is the units digit of 1969453936?
6
What is the millions digit of 18804452?
8
What is the ten thousands digit of 58092704?
9
What is the units digit of 1675546762?
2
What is the ten millions digit of 3245111927?
4
What is the tens digit of 656876247?
4
What is the tens digit of 970692769?
6
What is the ten thousands digit of 4138755?
3
What is the thousands digit of 87543202?
3
What is the hundred thousands digit of 89350954?
3
What is the ten thousands digit of 97241569?
4
What is the ten thousands digit of 262465540?
6
What is the millions digit of 82950029?
2
What is the units digit of 2567354650?
0
What is the ten thousands digit of 22483349?
8
What is the ten thousands digit of 18780347?
8
What is the ten millions digit of 142852917?
4
What is the millions digit of 2610651791?
0
What is the tens digit of 24412562?
6
What is the hundred millions digit of 131325001?
1
What is the hundreds digit of 117371539?
5
What is the hundred millions digit of 4224100645?
2
What is the thousands digit of 35308613?
8
What is the hundreds digit of 133066192?
1
What is the tens digit of 12485381?
8
What is the hundred millions digit of 456040482?
4
What is the hundreds digit of 34559337?
3
What is the hundred thousands digit of 70488601?
4
What is the millions digit of 69295883?
9
What is the hundred thousands digit of 110653641?
6
What is the hundred thousands digit of 18819258?
8
What is the ten thousands digit of 1807074966?
7
What is the hundred thousands digit of 28173928?
1
What is the hundred thousands digit of 2804020376?
0
What is the billions digit of 2183703295?
2
What is the units digit of 23825223?
3
What is the tens digit of 287013637?
3
What is the ten thousands digit of 552850958?
5
What is the tens digit of 135567347?
4
What is the millions digit of 628552151?
8
What is the billions digit of 2230812841?
2
What is the tens digit of 2739214021?
2
What is the hundreds digit of 37046954?
9
What is the billions digit of 4155815383?
4
What is the ten thousands digit of 85883122?
8
What is the thousands digit of 3437659641?
9
What is the hundreds digit of 2906441273?
2
What is the tens digit of 238417091?
9
What is the thousands digit of 43265657?
5
What is the hundred millions digit of 704755913?
7
What is the ten thousands digit of 59992327?
9
What is the hundreds digit of 69866428?
4
What is the units digit of 43178930?
0
What is the millions digit of 1021270610?
1
What is the ten thousands digit of 329919819?
1
What is the ten thousands digit of 786247610?
4
What is the tens digit of 1824092668?
6
What is the ten millions digit of 65747326?
6
What is the hundred thousands digit of 51091523?
0
What is the hundred thousands digit of 4599002975?
0
What is the hundreds digit of 4192076453?
4
What is the units digit of 19478598?
8
What is the thousands digit of 160658638?
8
What is the hundred millions digit of 125608775?
1
What is the ten millions digit of 5119386907?
1
What is the millions digit of 1425108896?
5
What is the units digit of 147873484?
4
What is the hundreds digit of 1192665904?
9
What is the billions digit of 1165361259?
1
What is the hundred millions digit of 168691146?
1
What is the millions digit of 7386079825?
6
What is the thousands digit of 38999159?
9
What is the thousands digit of 41596799?
6
What is the units digit of 4202916?
6
What is the millions digit of 287785597?
7
What is the hundred millions digit of 285552951?
2
What is the millions digit of 63192034?
3
What is the units digit of 1636484623?
3
What is the billions digit of 1496429413?
1
What is the hundreds digit of 179827545?
5
What is the thousands digit of 7461941460?
1
What is the millions digit of 88697803?
8
What is the hundred millions digit of 1316968867?
3
What is the ten thousands digit of 149644861?
4
What is the ten millions digit of 727494104?
2
What is the units digit of 2061754114?
4
What is the hundreds digit of 1577448233?
2
What is the ten thousands digit of 2181332035?
3
What is the millions digit of 2333921?
2
What is the ten thousands digit of 295155350?
5
What is the hundred millions digit of 200060456?
2
What is the hundred thousands digit of 128857656?
8
What is the millions digit of 10507032?
0
What is the units digit of 655294677?
7
What is the ten thousands digit of 180930639?
3
What is the ten millions digit of 2331877357?
3
What is the hundreds digit of 2437442136?
1
What is the ten thousands digit of 478559375?
5
What is the hundreds digit of 13805852?
8
What is the hundred millions digit of 396744533?
3
What is the ten millions digit of 44790938?
4
What is the ten thousands digit of 133000205?
0
What is the thousands digit of 1894347705?
7
What is the millions digit of 57370164?
7
What is the units digit of 705046726?
6
What is the hundred thousands digit of 983185257?
1
What is the hundred thousands digit of 773477307?
4
What is the tens digit of 862917768?
6
What is the units digit of 64372483?
3
What is the thousands digit of 398537874?
7
What is the hundred millions digit of 1263753291?
2
What is the tens digit of 2439895?
9
What is the ten thousands digit of 2104433383?
3
What is the hundreds digit of 408822363?
3
What is the thousands digit of 66073166?
3
What is the billions digit of 4455748205?
4
What is the millions digit of 118197523?
8
What is the hundreds digit of 80039447?
4
What is the hundred thousands digit of 5973726542?
7
What is the millions digit of 8149206558?
9
What is the tens digit of 42075601?
0
What is the uni